o - 387. Let b = c - o. What is the remainder when b is divided by 12?
7
Suppose 19459*k - 19448*k = 10472. What is the remainder when k is divided by 128?
56
Let f = 255 + -436. Let t = 343 + f. What is the remainder when t is divided by 42?
36
What is the remainder when (6/(-14))/((-437)/2052589) is divided by 223?
6
Suppose 2911 + 1229 = 5*u - 5*r, 3*r = 5*u - 4130. What is the remainder when u is divided by 55?
53
Let r = -5133 - -5383. What is the remainder when r is divided by 87?
76
Let a = 2357 - 1133. Calculate the remainder when 458 is divided by (-2 + 1)/((-24)/a).
50
Calculate the remainder when 645 is divided by 7/(70/(-80)) - (2 - 222).
9
Let z(n) = -5*n + 81. Let k be z(5). Calculate the remainder when 372 is divided by (3 - k/7) + 20.
12
Suppose 5*o - n - 7 = 0, 3*o - n = o + 1. Suppose 0 = -4*i + o*i + 154. Let d(c) = c**2 - 8*c - 4. Calculate the remainder when i is divided by d(10).
13
Suppose 5*a + d = 633, 0*a - 3*a + 4*d + 366 = 0. What is the remainder when a is divided by ((-4)/2)/(1550/5270)*-5?
24
Suppose 5*w - 51 = 2*w. Let b = 7825 - 7809. Calculate the remainder when w is divided by b.
1
Let c = 3927 + -3888. Calculate the remainder when 739 is divided by c.
37
Suppose 37 = -2*s + 17. What is the remainder when 24 is divided by (-1080)/(-81)*(-12)/s?
8
Calculate the remainder when (13 - 640/48) + (19328/(-6))/(-4) is divided by 269.
267
Let c = 18 + 4. Suppose 2*k - 6 = c. Suppose 296*s - 2828 = 7893 - 3617. Calculate the remainder when s is divided by k.
10
Let f(i) = i**2 - 19*i + 31. Let v be f(9). Let x = v + 67. What is the remainder when 94 is divided by x?
6
Suppose 285 = -14*y + 4569. What is the remainder when y is divided by 76?
2
Suppose -14*h - 905 + 907 = -3078. Let d = -11 + 7. Calculate the remainder when 114 is divided by 11/(h/24)*(-30)/d.
6
Let b(z) = 2*z + 41. Let g be (-36)/16*8/3. Let r(d) = -d**3 - 7*d**2 - 9*d - 1. Calculate the remainder when b(-5) is divided by r(g).
14
Let f(o) = o**3 + 23*o**2 - 51*o - 6. Suppose 0 = -50*u + 139 - 1389. Calculate the remainder when f(u) is divided by 8.
3
Suppose 3113 = 4*m + 5*w + 657, 5*m + 2*w - 3070 = 0. What is the remainder when 1228 is divided by m?
0
Let z = 43 - 41. Suppose -56 = 2*i - 4*i - r, 0 = 5*i + z*r - 140. Calculate the remainder when 584 is divided by i.
24
Let r = 25 - -20. Let y = -44 + r. Suppose -2*z + 41 = p, z = -y + 3. What is the remainder when p is divided by 10?
7
Suppose 2*f = -d + 108, 5*d + 656*f - 515 = 651*f. Calculate the remainder when 359 is divided by d.
65
Suppose b + q + 301 = 0, -6*b + b = -4*q + 1532. Let o = -291 - b. Calculate the remainder when 23 is divided by o.
10
Let z = 801 - 339. Suppose q + 2*q = -2*r + z, 5*q = 0. Suppose -3*x = 3*l - r, 5*x = 4*l - 81 + 466. What is the remainder when x is divided by 26?
25
Let r be ((-28)/21)/((-8)/(-6) + -2). Let t(m) = -m**2 + 28*m - 26. What is the remainder when t(25) is divided by (1/1)/(7/91) - r?
5
Suppose n - 137 = -38*h + 34*h, -4*h = 4*n - 512. Suppose 2*x - 160 = -3*x. Calculate the remainder when n is divided by x.
29
Let y be (-2)/(-6) - (-10)/15. Suppose 24*n = 30*n - 678. Calculate the remainder when n is divided by ((-114)/15)/(y/(-5)).
37
Suppose -n = -9 - 0. Let z(b) = -8*b - 15. Let g be z(-4). Let s = g + -1. Calculate the remainder when s is divided by n.
7
Suppose -2*f - 5*p = 15*f - 3913, f + 3*p = 241. What is the remainder when 2953 is divided by f?
205
Suppose 51*s - 5105 = -38*s + 15899. Suppose -4*x = -3*l + 77, 4*x - 74 = -3*l + 35. Calculate the remainder when s is divided by l.
19
Let y be (2/3)/(12/90). Suppose -5*i + 315 = -y*f, 149 = -5*f + 2*f - 5*i. Let m = f - -107. What is the remainder when m is divided by 16?
1
Let t(c) = -2*c**3 + 19*c**2 + 11*c - 8. Let u be t(10). Suppose -2*b = 2*b + u*b. Suppose b = -l + 5*l - 48. What is the remainder when 47 is divided by l?
11
Let h(c) = 4097*c + 140 - 40 - 4087*c. Suppose 0 = -0*l - 2*l + 116. Calculate the remainder when l is divided by h(-8).
18
Suppose -g + 455 = 4*v + 112, -2*v - g = -173. What is the remainder when v is divided by 18?
13
Let u = 373 + -118. Suppose 2*w + u = 5*w. Calculate the remainder when w is divided by 13.
7
Calculate the remainder when 2406 is divided by (-1*(-6 + 4) - (-12 - -9)) + 395.
6
Suppose -580 = 26*f - 55*f. Let d = -57 + 103. Calculate the remainder when d is divided by f.
6
Suppose g - 4*g - 3 = -3*z, 0 = -3*z + 4*g + 4. Suppose -18*q + 19 + 35 = z. Calculate the remainder when 84 is divided by q.
0
Let g = 123 + -118. Suppose -i - s - g + 19 = 0, -5*i + 54 = s. Calculate the remainder when 35 is divided by i.
5
Let q(x) = -84*x. Let i(b) = b**3 - 3*b**2 + b + 20. What is the remainder when q(-1) is divided by i(2)?
12
Suppose 37 = 4*a + 3*c, -7*a = -8*a + c + 4. What is the remainder when 3 + -13 + 3 + 192 is divided by a?
3
Let s be (-4)/(-32) - 921/8. Let r = 174 + s. What is the remainder when 114 is divided by r?
55
Let d = -125 - 223. Let b = d + 445. What is the remainder when b is divided by (-50)/(-4)*(1 - -1)?
22
Let g = -2722 + 2749. What is the remainder when 2076 is divided by g?
24
Let m = 140 + -23. What is the remainder when 357 is divided by m?
6
Let d(n) = -n**3 + 10*n**2 - 5*n - 9. Let m = 367 - 347. Calculate the remainder when d(8) is divided by (m/(-16))/(6/(-96)).
19
Let h = 8959 + -7406. Calculate the remainder when h is divided by 775.
3
Let p = -2186 - -2200. Let s = 7 - -4. Suppose p*l - 15*l = -s. Calculate the remainder when 21 is divided by l.
10
Let a(s) = 2*s + 3. Let v(p) = 3*p**2 - 6*p + 1. Let g be v(5). Suppose -511 + g = -5*f. Calculate the remainder when f is divided by a(11).
18
Suppose -9*p + 14*p = 0. Suppose p = 26*c - 21*c. Suppose 2*u + 22 = 2*l, -4*u + c*u + 16 = l. What is the remainder when l is divided by 5?
2
Let z = -327 - -355. Suppose 29*s - z*s - 133 = -3*a, 3*s - a - 369 = 0. What is the remainder when s is divided by 33?
25
Suppose -5*w - 23 = -4*n, 4 = 3*n - 4*w - 14. Suppose 2*l - 85 = 3*z, 2*z - n*l + 4*l = -70. Let i = 74 + z. Calculate the remainder when 80 is divided by i.
37
Let c be 166/12 + -5 + 155/30. Let v = 110 + -74. Let q = v + c. Calculate the remainder when q is divided by 13.
11
Let k = -8048 - -8433. Calculate the remainder when k is divided by 53.
14
Let c be 6/21 - (-300)/(-21). Let a = 16 + c. Suppose -a*s + n = -29, 6*s - 59 = 2*s + n. Calculate the remainder when 73 is divided by s.
13
Suppose p + 357 = -4*p + 3*l, 2 = -2*l. Let s = -68 - p. Suppose -o = r - s*o - 118, -4*r = -2*o - 422. Calculate the remainder when r is divided by 21.
19
Suppose 2*m - 17 = 11. Let k be 24/m + 16/56. Suppose t = 3*l + 6, k*t + 0*l + 5*l - 67 = 0. Calculate the remainder when 80 is divided by t.
17
Let h = 3848 - 3845. What is the remainder when 1540 is divided by h?
1
Let z = -56 - -64. Calculate the remainder when 207 is divided by (-930)/(-80) - (-3)/z - -2.
11
Let j be ((-63)/(-2))/((-2)/(-8)). Suppose 67*v - 105 = 62*v. Calculate the remainder when j/10 + -1 + v/15 is divided by 4.
1
Let y be (-2)/(-12) + ((-6590)/12 - -9). Let w = -256 - y. What is the remainder when w is divided by 48?
44
Let g = 1620 - 1480. Suppose -2*f = -30 - 36. Calculate the remainder when g is divided by f.
8
Suppose -2*x = -0*g + 4*g - 38, 4*x - 106 = 2*g. Suppose -121*d + 99*d = -154. Let o = x - d. What is the remainder when 31 is divided by o?
13
Suppose -2*y - 5*p + 197 = -160, -3*y + 488 = -2*p. Let x = y + -72. What is the remainder when x is divided by (117/(-18))/13*-32?
14
What is the remainder when 160 is divided by (66/(-18))/(2723/273 - 10)?
17
Let p = 6148 - 6137. Calculate the remainder when 143 is divided by p.
0
Let m = -278 + 605. What is the remainder when m is divided by (-8)/(-12)*(990/(-4))/(-3)?
52
Suppose -212 = 2*k + 4*v - 3568, k = -v + 1675. Calculate the remainder when k is divided by 557.
1
Suppose -3*r = -4*s + 6 - 33, 4*s - 5*r = -29. Calculate the remainder when 37 is divided by ((-4)/s)/(2/3)*10.
7
What is the remainder when (-226)/(-7) + (-8)/28 is divided by -61 + 47 + (23 - 6)?
2
What is the remainder when 1974/29 - -5 - 14/(-1421)*-7 is divided by 6/(-21) + (-114)/(-7)?
9
Let z be 1 - -1 - (61 - -144). Let n = z + 257. What is the remainder when n is divided by 20?
1